k**2 + 4*k - 4. Suppose -2*n = -0*n - 4*m - 116, 2*m - 230 = -5*n. Suppose -n = x + 7*x. Determine c(x).
8
Let v(o) = o**3 + 4*o**2 - 4*o - 6. Let y(a) = -2*a**2 + 16*a + 13. Let u be y(9). What is v(u)?
-11
Let l(d) = -6*d**3 - 2*d - 1. Suppose 38 = 6*q + 14. Let h = -5 + q. Determine l(h).
7
Let l be (-7)/((-84)/(-342))*8/6. Let o = l - -33. Let x(q) = q**3 + 6*q**2 + 5*q + 3. Calculate x(o).
3
Let s(f) = f - 8. Let m be (-80)/224*-12 - (-4)/(-14). Give s(m).
-4
Let g(u) = -u**2 - 4*u + 38. Let z be g(-8). Let s be (z/7)/(4/(-28)). Let v(r) = -r - 1 - 4 - 1. Give v(s).
0
Let j(i) = -i + 4. Let s be 7*((-10)/(-2) - 4). Suppose -s*p + 40 = p. Calculate j(p).
-1
Let s(z) be the second derivative of 2*z**3/3 - 9*z**2/2 - 5*z + 22. What is s(6)?
15
Suppose 4*n - 11 - 9 = 0, -4*o - 2*n = -22. Let i(a) = 13*a - 5*a**2 - 14*a + 1 + 4*a**2 - 6*a**3 - 11*a**o. Determine i(1).
-18
Suppose 2*d = -3*d + 2*c - 18, 4*d - 4*c = -12. Let h be -4*(-6)/d*-2. Let w = 12 - h. Let u(z) = z**2 - z. Give u(w).
0
Let b(i) = -2*i - 1. Let q(o) = -o + 1. Let g be q(4). Let t be -6*2*g/12. Give b(t).
-7
Suppose -2 = 3*u - s, 5*u = 2*s - 5*s - 22. Let t(r) = r**2 - 4*r - 3. Let g(w) = 5*w**2 - 16*w - 12. Let l(n) = u*g(n) + 9*t(n). Determine l(-4).
-3
Let u(r) be the third derivative of r**6/120 - 3*r**5/20 - 11*r**4/12 - 2*r**3/3 - 201*r**2. What is u(11)?
-4
Let h(p) = p**3 - 3*p + 3. Let s = 4 + -3. Let r = -154 + 152. Let g be (s*r)/(-1 + 0). Give h(g).
5
Let m(t) = t**3 + t**2 - 13. Suppose -2 = 4*k - 2*h, 4*k + 4 = 35*h - 31*h. What is m(k)?
-13
Let b(y) = 2*y**2 + 9*y + 3. Let w(h) = -h**2 - 4*h - 1. Let r(d) = -3*b(d) - 7*w(d). Let i be 1 + -2 + 2 + 0. Let l be 2/i + 0 + -6. Give r(l).
10
Let f be ((-6)/15 - (-384)/(-40)) + -1. Let x(u) = u - 3. Determine x(f).
-14
Let l be -4 + (6/3)/2. Let k(q) be the third derivative of -5*q**2 + 0*q + 0 + 0*q**3 - 1/6*q**4. Determine k(l).
12
Let c be (-1)/2 - (-1 + 4/8). Suppose c = 12*n + 10 + 14. Let x(l) = -l**3 - 3*l**2 - 2*l + 2. Give x(n).
2
Let a = 904 + -897. Let d(u) = u**2 - 8*u + 1. Determine d(a).
-6
Let a(z) be the third derivative of z**4/4 - 23*z**3/2 + 4*z**2. Let w(v) = v - 10. Let b(f) = -4*a(f) + 27*w(f). Calculate b(-4).
-6
Let z(g) be the first derivative of -2*g**3/3 + 2*g**2 - 6. Let d(h) = 3*h**2 + 40*h - 25. Let n be d(-14). Determine z(n).
-6
Let x(h) = 22*h**3 - h. Suppose 32*d - 28 = 4*d. Calculate x(d).
21
Suppose 2*w = -2*a + 3*a - 13, 0 = -4*w - 4*a - 20. Let v(t) = -t**2 - 1 - t + 0 - 3*t. Calculate v(w).
-13
Let k(p) be the third derivative of p**4/24 + 3*p**2 - 19*p. What is k(10)?
10
Let q be (12/(-30))/((-2)/(-10)). Let i(c) = -3*c - 1. Let k(g) = 4*g + 1. Let j(h) = q*k(h) - 3*i(h). Let l(d) = 2. Let o(t) = 6*j(t) - 3*l(t). Give o(1).
6
Let u be 10 - 1 - (5 - 3). Suppose -u*k = -14*k - 42. Let s(f) = f**2 + 5*f - 6. Calculate s(k).
0
Let g(b) = -b - 6. Let x = -4 - -5. Suppose 6*f - 10 = 4*f. Let c be (f - 2)/(-3) + x. What is g(c)?
-6
Let f be (-5)/35 + (-3)/(-21) + -2. Let p(g) = -g**3 - 3*g**2 - 2*g. Determine p(f).
0
Let t = -55 - -331/6. Let p(w) be the third derivative of -w**2 + 0 + t*w**4 + 0*w - 1/2*w**3. Give p(2).
5
Suppose 60*b = 59*b, -5*b + 10 = -5*v. Let y(x) = -2*x - 2. Determine y(v).
2
Let g = -25 + 21. Let l(w) = 3*w**2 + 6*w - 1. Let v(u) = 4*u**2 + 6*u. Let y(k) = g*v(k) + 5*l(k). What is y(6)?
-5
Let k(m) = m**2 - m + 2. Let z(s) = -s**2 + 9*s - 11. Let i(q) = -2*k(q) - z(q). Calculate i(-9).
-11
Suppose -2*i - 2 = 0, 159*a + 5 = 157*a - i. Let n(v) = v + 10. Give n(a).
8
Let x be 198/2*(-3)/(-9). Let g(i) = -42 - x - i + i**2 + 62. Calculate g(0).
-13
Suppose 0 = 36*d - 32*d + 4. Let q be ((-2)/2)/1 + 1. Let i(s) = -s**2 + q*s**2 - 2*s**2. Calculate i(d).
-3
Let h(i) be the second derivative of i**5/20 + 5*i**4/12 - 17*i**3/6 - 23*i**2/2 - 2*i - 157. What is h(-7)?
-2
Let z(r) = 8*r + 14. Suppose -38*l - 355 = -127. Determine z(l).
-34
Let p(a) be the third derivative of a**4/12 + 5*a**3/6 + 267*a**2. Give p(7).
19
Let r be (4/7)/((-2)/(-7)). Suppose 5 = r*x - x. Let l(q) be the third derivative of q**5/60 - q**4/4 - q**3/2 + 9*q**2. Determine l(x).
-8
Suppose -2 - 1 = 3*n. Suppose 6*a - 4*a + 13 = 3*r, 5*r + 20 = -5*a. Let f(x) = 0*x + 2*x**2 + 0*x - r. Calculate f(n).
1
Let f(a) = 2*a**2 - 1. Let h be f(2). Let o(t) = t**2 - 5*t - 10. Determine o(h).
4
Let j(y) = -9*y**2 - 2. Let h(c) = -7*c**2 - c - 3. Let q(x) = -4*h(x) + 3*j(x). What is q(-4)?
6
Let o = -232 + 224. Let i(j) = j**3 + 8*j**2 + j + 11. Calculate i(o).
3
Let n(g) = -18*g - 1. Let k = 878 - 877. Calculate n(k).
-19
Suppose -5*l + 4*l = -1. Let d(o) = 6*o**3 + o - 1. Let y be d(l). Let p(b) = -b**3 + 6*b**2 - 2*b + 2. Give p(y).
-10
Let i(d) = 156*d + 38. Let f(z) = 85*z + 19. Let h(v) = -11*f(v) + 6*i(v). Determine h(9).
28
Let h(n) be the first derivative of n**3/3 - 13*n**2/2 - 8*n - 137. Give h(13).
-8
Let q = 8/83 - 109/1992. Let a(u) be the third derivative of 0 + 0*u + 5*u**2 + 5/6*u**3 - q*u**4. What is a(6)?
-1
Let a(p) be the first derivative of 12 + 1/4*p**4 + 0*p**2 + 7*p + 0*p**3. Let j be (-1 + 1/2)*0. Give a(j).
7
Let x(g) = 11*g**3 - 22*g**2 - 17*g - 31. Let f(n) = -5*n**3 + 11*n**2 + 8*n + 15. Let m(a) = -13*f(a) - 6*x(a). What is m(-11)?
13
Let h(s) be the second derivative of 7/6*s**3 - 4*s**2 + 12*s + 0 - 1/12*s**4. Calculate h(6).
-2
Let w = -121 + 115. Let f be (-38)/6 + w/90*-5. Let z(k) = -k + 5. Calculate z(f).
11
Let r(y) = y + 0 + 4*y + 2*y**2 + 1 + 1. Suppose 2*i = 5 - 7. Let f be 4 - i/3*-21. Calculate r(f).
5
Let p(n) = -n**3 + n**2 - 4*n + 5. Let j(v) = v**3 - 20*v**2 + 85*v - 12. Let f be j(14). Determine p(f).
-7
Let g(f) = -2*f - 4. Suppose -4*v + 68 = -0*v. Suppose 3*j - 31 = 5*q, -3*q - j - v = -2*j. Calculate g(q).
6
Let q(t) = -3*t. Let w be ((-76)/12 + 6)*12. Determine q(w).
12
Let b(h) = -2*h**2 - 2 - h**2 + 2*h**2. Suppose 0 = 2*z + 2*z. Determine b(z).
-2
Let t(k) = k**2 + 2*k - 3. Let d be t(7). Suppose -56*u + d*u = 4. Let r(h) = -3*h**2 + 1. Calculate r(u).
-2
Let d(a) be the third derivative of -a**4/6 - 4*a**3/3 - a**2 - 55*a. Give d(-6).
16
Let o be -9 + -3 + 19 + -6. Let z(b) = -9*b**2 + 2*b - 2. Determine z(o).
-9
Let y be 90/32*24/(-36) - -2. Let r(c) be the third derivative of 0 + 0*c - 4*c**2 + y*c**4 + 0*c**3. Give r(-2).
-6
Let v(c) = -4*c + c**2 - 12 - 2*c + 4 + 7. Calculate v(5).
-6
Let y(z) = -z**2 - 6*z + 4. Let m = -43 - -44. Suppose 3*n + 0 + 16 = -2*k, -m = -k. Determine y(n).
4
Let s(g) = 2*g - 1. Suppose -4*h - 13 = 5*m, -2*m + 5*h + 7 = m. Let i(w) = -4*w. Let a(p) = m*s(p) - i(p). Calculate a(2).
5
Let o(n) = -n**3 + 9*n**2 - 8*n - 1. Suppose 22 + 50 = 9*l. Calculate o(l).
-1
Let c(d) be the second derivative of d**4/6 + d**2/2 - 5*d. Suppose -3*q = -3*a, -3*q + 10 = 3*a - a. Determine c(a).
9
Let y(z) = -z**2 - 8*z - 10. Let i = -118 - -109. Determine y(i).
-19
Let w be -2 - -1 - (-4)/1. Suppose -12 = -l + 5*l, f - l = 10. Let h(d) = 0 + 5 - d + d**2 - f. What is h(w)?
4
Let o(l) = -2*l**2 - 3*l - 4. Let b(c) = -2*c + 7*c**3 - 6*c**2 + 3*c**3 - 11*c**3 + 12. Let j be b(-5). What is o(j)?
-13
Let r(f) = f**3 + 6*f**2 + f - 3. Suppose -243 = 8*a - 195. Give r(a).
-9
Let k(b) = -b + 6*b + 1 + 2 + 3*b**2. Let o(h) = -h**2 - 1 + h - 4 + 12 + 2. Let q be o(-3). Determine k(q).
15
Let q(d) = 5*d**2 - 4*d + 1. Let n(y) = -3*y**2 + y - 1. Let z(l) = -7*n(l) - 4*q(l). Determine z(-8).
-5
Suppose 5*f = t + 3 + 16, 2*t + 2 = f. Let s(v) = -f*v + 5*v - 9*v**3 + v - 1. Suppose -h + 9 = 4*m, h = -h + 3*m - 4. Determine s(h).
-8
Let p(z) = 5 + 2*z**2 + z**2 + 5*z - 4*z**2. Suppose 4*y + 296 = 320. Determine p(y).
-1
Let z(f) = 8*f - 1 + 15*f + f**3 + 0 - 21*f. Calculate z(2).
11
Let h be (12 - 6)*(-7)/(-21). Let m(o) be the first derivative of 1/4*o**4 + o**3 + h*o - 9 - 1/2*o**2. Calculate m(-2).
8
Let a(g) = -g**3 - 5*g**2 - 2*g + 4. Suppose 8 = 3*v - 0*v - d, 3*v = -2*d + 11. Let u be 4/(-5) - 360/(-200). Let b be v/(6/(-4)) - u. What is a(b)?
-8
Let n(c) = -c + 4. Let v(x) = x + 1. Let j be v(-8). Let t = j - -9. Suppose -r = -t*r + 2. Determine n(r).
2
Let x(h) = -1. Let t(q) = q + 14. Let g(m) = 3*m + 41. Let r(y) = 4*g(y) - 11*t(y). Let c(s) = -r(s) - 4*x(s). Calculate c(-5).
-1
Let v(l) = 5*l**3 + 2*l**2 - 1. Let i(p) = p + 10. Let r be